{"id":1480,"date":"2015-12-04T02:09:37","date_gmt":"2015-12-04T02:09:37","guid":{"rendered":"http:\/\/theme-fusion.com\/avada\/construction\/?page_id=15"},"modified":"2025-08-25T13:53:01","modified_gmt":"2025-08-25T11:53:01","slug":"accueil","status":"publish","type":"page","link":"https:\/\/villasbosloup.fr\/?page_id=1480","title":{"rendered":"Get Quote"},"content":{"rendered":"<div class=\"fusion-fullwidth fullwidth-box fusion-builder-row-1 fusion-flex-container hundred-percent-fullwidth non-hundred-percent-height-scrolling\" style=\"--awb-background-position:left top;--awb-border-sizes-top:0px;--awb-border-sizes-bottom:0px;--awb-border-sizes-left:0px;--awb-border-sizes-right:0px;--awb-border-radius-top-left:0px;--awb-border-radius-top-right:0px;--awb-border-radius-bottom-right:0px;--awb-border-radius-bottom-left:0px;--awb-padding-right:0px;--awb-padding-left:0px;--awb-background-color:#ffffff;--awb-flex-wrap:wrap;\" ><div class=\"fusion-builder-row fusion-row fusion-flex-align-items-stretch fusion-flex-content-wrap\" style=\"width:104% !important;max-width:104% !important;margin-left: calc(-4% \/ 2 );margin-right: calc(-4% \/ 2 );\"><div class=\"fusion-layout-column fusion_builder_column fusion-builder-column-0 fusion_builder_column_1_1 1_1 fusion-flex-column fusion-flex-align-self-flex-start fusion-column-no-min-height\" style=\"--awb-padding-top:85px;--awb-padding-right:12%;--awb-padding-bottom:85px;--awb-padding-left:12%;--awb-bg-blend:overlay;--awb-bg-size:cover;--awb-width-large:100%;--awb-margin-top-large:20px;--awb-spacing-right-large:1.92%;--awb-margin-bottom-large:20px;--awb-spacing-left-large:1.92%;--awb-width-medium:100%;--awb-spacing-right-medium:1.92%;--awb-spacing-left-medium:1.92%;--awb-width-small:100%;--awb-spacing-right-small:1.92%;--awb-spacing-left-small:1.92%;\"><div class=\"fusion-column-wrapper fusion-flex-justify-content-center fusion-content-layout-column\"><div class=\"fusion-title title fusion-title-1 fusion-sep-none fusion-title-center fusion-title-text fusion-title-size-two\" style=\"--awb-text-color:#000000;\"><h2 class=\"fusion-title-heading title-heading-center fusion-responsive-typography-calculated\" style=\"margin:0;text-transform:none;--fontSize:60;line-height:1.18;\"><b><\/b><\/p>\n<p>Parlez-nous de vous et de votre projet<\/p><\/h2><\/div><div class=\"fusion-separator\" style=\"align-self: center;margin-left: auto;margin-right: auto;margin-top:0px;margin-bottom:30px;width:100%;max-width:206px;\"><div class=\"fusion-separator-border sep-single sep-solid\" style=\"--awb-height:20px;--awb-amount:20px;--awb-sep-color:#000000;border-color:#000000;border-top-width:4px;\"><\/div><\/div><div class=\"fusion-separator fusion-full-width-sep\" style=\"align-self: center;margin-left: auto;margin-right: auto;margin-top:40px;width:100%;\"><\/div><div class=\"fusion-form fusion-form-builder fusion-form-form-wrapper fusion-form-1268\" style=\"--awb-tooltip-text-color:#ffffff;--awb-tooltip-background-color:#333333;\" data-form-id=\"1268\" data-config=\"{&quot;form_id&quot;:&quot;1268&quot;,&quot;form_post_id&quot;:&quot;1268&quot;,&quot;post_id&quot;:1480,&quot;form_type&quot;:&quot;ajax&quot;,&quot;confirmation_type&quot;:&quot;message&quot;,&quot;redirect_url&quot;:&quot;&quot;,&quot;field_labels&quot;:{&quot;pr\\u00e9nom&quot;:&quot;Pr\\u00e9nom&quot;,&quot;adresse_email&quot;:&quot;Adresse e-mail&quot;,&quot;nom&quot;:&quot;Nom&quot;,&quot;num\\u00e9ro_de_t\\u00e9l\\u00e9phone&quot;:&quot;Num\\u00e9ro de t\\u00e9l\\u00e9phone&quot;,&quot;sujet&quot;:&quot;Sujet&quot;,&quot;comment_pouvons_nous_vous_aider&quot;:&quot;Comment pouvons nous vous aider ?&quot;},&quot;field_logics&quot;:{&quot;pr\\u00e9nom&quot;:&quot;&quot;,&quot;adresse_email&quot;:&quot;&quot;,&quot;nom&quot;:&quot;&quot;,&quot;num\\u00e9ro_de_t\\u00e9l\\u00e9phone&quot;:&quot;&quot;,&quot;sujet&quot;:&quot;&quot;,&quot;comment_pouvons_nous_vous_aider&quot;:&quot;&quot;,&quot;submit_1&quot;:&quot;&quot;},&quot;field_types&quot;:{&quot;pr\\u00e9nom&quot;:&quot;text&quot;,&quot;adresse_email&quot;:&quot;email&quot;,&quot;nom&quot;:&quot;text&quot;,&quot;num\\u00e9ro_de_t\\u00e9l\\u00e9phone&quot;:&quot;phone_number&quot;,&quot;sujet&quot;:&quot;text&quot;,&quot;comment_pouvons_nous_vous_aider&quot;:&quot;textarea&quot;,&quot;submit_1&quot;:&quot;submit&quot;},&quot;nonce_method&quot;:&quot;ajax&quot;}\"><form action=\"https:\/\/villasbosloup.fr\/?page_id=1480\" method=\"post\" class=\"fusion-form fusion-form-1268\"><div class=\"fusion-fullwidth fullwidth-box fusion-builder-row-1-1 fusion-flex-container nonhundred-percent-fullwidth non-hundred-percent-height-scrolling\" style=\"--awb-border-radius-top-left:0px;--awb-border-radius-top-right:0px;--awb-border-radius-bottom-right:0px;--awb-border-radius-bottom-left:0px;--awb-flex-wrap:wrap;\" ><div class=\"fusion-builder-row fusion-row fusion-flex-align-items-flex-start fusion-flex-content-wrap\" style=\"width:104% !important;max-width:104% !important;margin-left: calc(-4% \/ 2 );margin-right: calc(-4% \/ 2 );\"><div class=\"fusion-layout-column fusion_builder_column fusion-builder-column-1 fusion_builder_column_1_2 1_2 fusion-flex-column\" style=\"--awb-bg-size:cover;--awb-width-large:50%;--awb-flex-grow:0;--awb-flex-shrink:0;--awb-margin-top-large:20px;--awb-spacing-right-large:3.84%;--awb-margin-bottom-large:0px;--awb-spacing-left-large:3.84%;--awb-width-medium:100%;--awb-order-medium:0;--awb-flex-grow-medium:0;--awb-flex-shrink-medium:0;--awb-spacing-right-medium:1.92%;--awb-spacing-left-medium:1.92%;--awb-width-small:100%;--awb-order-small:0;--awb-flex-grow-small:0;--awb-flex-shrink-small:0;--awb-spacing-right-small:1.92%;--awb-spacing-left-small:1.92%;\"><div class=\"fusion-column-wrapper fusion-column-has-shadow fusion-flex-justify-content-flex-start fusion-content-layout-column\"><div class=\"fusion-form-field fusion-form-text-field fusion-form-label-above\" style=\"\" data-form-id=\"1268\"><div class=\"fusion-form-label-wrapper\"><label for=\"pr\u00e9nom\">Pr\u00e9nom <abbr class=\"fusion-form-element-required\" title=\"required\">*<\/abbr><\/label><\/div><input type=\"text\" autocomplete=\"off\" name=\"pr\u00e9nom\" id=\"pr\u00e9nom\" value=\"\"  class=\"fusion-form-input\" required=\"true\" aria-required=\"true\" data-holds-private-data=\"false\" minlength=\"0\"\/><\/div><div class=\"fusion-form-field fusion-form-email-field fusion-form-label-above\" style=\"\" data-form-id=\"1268\"><div class=\"fusion-form-label-wrapper\"><label for=\"adresse_email\">Adresse e-mail <abbr class=\"fusion-form-element-required\" title=\"required\">*<\/abbr><\/label><\/div><input type=\"email\" autocomplete=\"off\" name=\"adresse_email\" id=\"adresse_email\" value=\"\"  class=\"fusion-form-input\" required=\"true\" aria-required=\"true\" data-holds-private-data=\"false\"\/><\/div><\/div><\/div><div class=\"fusion-layout-column fusion_builder_column fusion-builder-column-2 fusion_builder_column_1_2 1_2 fusion-flex-column\" style=\"--awb-bg-size:cover;--awb-width-large:50%;--awb-flex-grow:0;--awb-flex-shrink:0;--awb-margin-top-large:20px;--awb-spacing-right-large:3.84%;--awb-margin-bottom-large:0px;--awb-spacing-left-large:3.84%;--awb-width-medium:100%;--awb-order-medium:0;--awb-flex-grow-medium:0;--awb-flex-shrink-medium:0;--awb-spacing-right-medium:1.92%;--awb-spacing-left-medium:1.92%;--awb-width-small:100%;--awb-order-small:0;--awb-flex-grow-small:0;--awb-flex-shrink-small:0;--awb-spacing-right-small:1.92%;--awb-spacing-left-small:1.92%;\"><div class=\"fusion-column-wrapper fusion-column-has-shadow fusion-flex-justify-content-flex-start fusion-content-layout-column\"><div class=\"fusion-form-field fusion-form-text-field fusion-form-label-above\" style=\"\" data-form-id=\"1268\"><div class=\"fusion-form-label-wrapper\"><label for=\"nom\">Nom <abbr class=\"fusion-form-element-required\" title=\"required\">*<\/abbr><\/label><\/div><input type=\"text\" autocomplete=\"off\" name=\"nom\" id=\"nom\" value=\"\"  class=\"fusion-form-input\" required=\"true\" aria-required=\"true\" data-holds-private-data=\"false\" minlength=\"0\"\/><\/div><div class=\"fusion-form-field fusion-form-phone-number-field fusion-form-label-above\" style=\"\" data-form-id=\"1268\"><div class=\"fusion-form-label-wrapper\"><label for=\"num\u00e9ro_de_t\u00e9l\u00e9phone\">Num\u00e9ro de t\u00e9l\u00e9phone <abbr class=\"fusion-form-element-required\" title=\"required\">*<\/abbr><\/label><\/div><input type=\"tel\" autocomplete=\"off\" name=\"num\u00e9ro_de_t\u00e9l\u00e9phone\" id=\"num\u00e9ro_de_t\u00e9l\u00e9phone\" value=\"\"  class=\"fusion-form-input\" required=\"true\" aria-required=\"true\" data-holds-private-data=\"false\"\/><\/div><\/div><\/div><div class=\"fusion-layout-column fusion_builder_column fusion-builder-column-3 fusion_builder_column_1_1 1_1 fusion-flex-column\" style=\"--awb-bg-size:cover;--awb-width-large:100%;--awb-flex-grow:0;--awb-flex-shrink:0;--awb-margin-top-large:20px;--awb-spacing-right-large:1.92%;--awb-margin-bottom-large:0px;--awb-spacing-left-large:1.92%;--awb-width-medium:100%;--awb-order-medium:0;--awb-flex-grow-medium:0;--awb-flex-shrink-medium:0;--awb-spacing-right-medium:1.92%;--awb-spacing-left-medium:1.92%;--awb-width-small:100%;--awb-order-small:0;--awb-flex-grow-small:0;--awb-flex-shrink-small:0;--awb-spacing-right-small:1.92%;--awb-spacing-left-small:1.92%;\"><div class=\"fusion-column-wrapper fusion-column-has-shadow fusion-flex-justify-content-flex-start fusion-content-layout-column\"><div class=\"fusion-form-field fusion-form-text-field fusion-form-label-above\" style=\"\" data-form-id=\"1268\"><div class=\"fusion-form-label-wrapper\"><label for=\"sujet\">Sujet <abbr class=\"fusion-form-element-required\" title=\"required\">*<\/abbr><\/label><\/div><input type=\"text\" autocomplete=\"off\" name=\"sujet\" id=\"sujet\" value=\"\"  class=\"fusion-form-input\" required=\"true\" aria-required=\"true\" data-holds-private-data=\"false\" minlength=\"0\"\/><\/div><div class=\"fusion-form-field fusion-form-textarea-field fusion-form-label-above\" style=\"\" data-form-id=\"1268\"><label for=\"comment_pouvons_nous_vous_aider\">Comment pouvons nous vous aider ? <abbr class=\"fusion-form-element-required\" title=\"required\">*<\/abbr><\/label><textarea cols=\"40\" autocomplete=\"off\"  minlength=\"0\"  rows=\"4\" tabindex=\"\" id=\"comment_pouvons_nous_vous_aider\" name=\"comment_pouvons_nous_vous_aider\" class=\"fusion-form-input\" required=\"true\" aria-required=\"true\" data-holds-private-data=\"false\"><\/textarea><\/div><div class=\"fusion-form-field fusion-form-submit-field fusion-form-label-above\" style=\"\" data-form-id=\"1268\"><div ><button type=\"submit\" class=\"fusion-button button-flat fusion-button-default-size button-custom fusion-button-default button-1 fusion-button-default-span  form-form-submit button-default\" style=\"--button_bevel_color:#ffffff;--button_accent_color:#ffffff;--button_border_color:#ffffff;--button_accent_hover_color:#000000;--button_border_hover_color:var(--awb-color1);--button_gradient_top_color:#000000;--button_gradient_bottom_color:#000000;--button_gradient_top_color_hover:#efdf00;--button_gradient_bottom_color_hover:#efdf00;\" data-form-number=\"1268\" tabindex=\"\"><span class=\"fusion-button-text awb-button__text awb-button__text--default\">Envoyer<\/span><\/button><\/div><\/div><\/div><\/div><\/div><\/div><input type=\"hidden\" name=\"fusion_privacy_store_ip_ua\" value=\"false\"><input type=\"hidden\" name=\"fusion_privacy_expiration_interval\" value=\"48\"><input type=\"hidden\" name=\"privacy_expiration_action\" value=\"anonymize\"><\/form><\/div><\/div><\/div><\/div><\/div>\n","protected":false},"excerpt":{"rendered":"","protected":false},"author":1,"featured_media":0,"parent":0,"menu_order":0,"comment_status":"closed","ping_status":"closed","template":"100-width.php","meta":{"_acf_changed":false,"_bbp_topic_count":0,"_bbp_reply_count":0,"_bbp_total_topic_count":0,"_bbp_total_reply_count":0,"_bbp_voice_count":0,"_bbp_anonymous_reply_count":0,"_bbp_topic_count_hidden":0,"_bbp_reply_count_hidden":0,"_bbp_forum_subforum_count":0,"content-type":"","_monsterinsights_skip_tracking":false,"_monsterinsights_sitenote_active":false,"_monsterinsights_sitenote_note":"","_monsterinsights_sitenote_category":0,"footnotes":""},"class_list":["post-1480","page","type-page","status-publish","hentry"],"acf":[],"yoast_head":"<!-- This site is optimized with the Yoast SEO plugin v25.8 - https:\/\/yoast.com\/wordpress\/plugins\/seo\/ -->\n<title>VILLAS BOSLOUP - Entreprise de ma\u00e7onnerie \u00e0 Saint-Babel<\/title>\n<meta name=\"description\" content=\"Entreprise familiale de ma\u00e7onnerie depuis 1945. R\u00e9alisation de maisons neuves, b\u00e2timents, r\u00e9novations, am\u00e9nagements et travaux sp\u00e9cialis\u00e9s.\" \/>\n<meta name=\"robots\" content=\"index, follow, max-snippet:-1, max-image-preview:large, max-video-preview:-1\" \/>\n<link rel=\"canonical\" href=\"https:\/\/villasbosloup.fr\/?page_id=1480\" \/>\n<meta property=\"og:locale\" content=\"en_US\" \/>\n<meta property=\"og:type\" content=\"article\" \/>\n<meta property=\"og:title\" content=\"VILLAS BOSLOUP - Entreprise de ma\u00e7onnerie \u00e0 Saint-Babel\" \/>\n<meta property=\"og:description\" content=\"Entreprise familiale de ma\u00e7onnerie depuis 1945. R\u00e9alisation de maisons neuves, b\u00e2timents, r\u00e9novations, am\u00e9nagements et travaux sp\u00e9cialis\u00e9s.\" \/>\n<meta property=\"og:url\" content=\"https:\/\/villasbosloup.fr\/?page_id=1480\" \/>\n<meta property=\"og:site_name\" content=\"VILLAS BOSLOUP\" \/>\n<meta property=\"article:modified_time\" content=\"2025-08-25T11:53:01+00:00\" \/>\n<meta property=\"og:image\" content=\"https:\/\/villasbosloup.fr\/wp-content\/uploads\/2025\/04\/Logo-Partenaire-et-Sponsor-Villas-BOSLOUP.jpg\" \/>\n\t<meta property=\"og:image:width\" content=\"800\" \/>\n\t<meta property=\"og:image:height\" content=\"500\" \/>\n\t<meta property=\"og:image:type\" content=\"image\/jpeg\" \/>\n<meta name=\"twitter:card\" content=\"summary_large_image\" \/>\n<meta name=\"twitter:label1\" content=\"Est. reading time\" \/>\n\t<meta name=\"twitter:data1\" content=\"1 minute\" \/>\n<script type=\"application\/ld+json\" class=\"yoast-schema-graph\">{\"@context\":\"https:\/\/schema.org\",\"@graph\":[{\"@type\":\"WebPage\",\"@id\":\"https:\/\/villasbosloup.fr\/?page_id=1480\",\"url\":\"https:\/\/villasbosloup.fr\/?page_id=1480\",\"name\":\"VILLAS BOSLOUP - Entreprise de ma\u00e7onnerie \u00e0 Saint-Babel\",\"isPartOf\":{\"@id\":\"https:\/\/villasbosloup.fr\/#website\"},\"datePublished\":\"2015-12-04T02:09:37+00:00\",\"dateModified\":\"2025-08-25T11:53:01+00:00\",\"description\":\"Entreprise familiale de ma\u00e7onnerie depuis 1945. R\u00e9alisation de maisons neuves, b\u00e2timents, r\u00e9novations, am\u00e9nagements et travaux sp\u00e9cialis\u00e9s.\",\"breadcrumb\":{\"@id\":\"https:\/\/villasbosloup.fr\/?page_id=1480#breadcrumb\"},\"inLanguage\":\"en-US\",\"potentialAction\":[{\"@type\":\"ReadAction\",\"target\":[\"https:\/\/villasbosloup.fr\/?page_id=1480\"]}]},{\"@type\":\"BreadcrumbList\",\"@id\":\"https:\/\/villasbosloup.fr\/?page_id=1480#breadcrumb\",\"itemListElement\":[{\"@type\":\"ListItem\",\"position\":1,\"name\":\"Accueil\",\"item\":\"https:\/\/villasbosloup.fr\/\"},{\"@type\":\"ListItem\",\"position\":2,\"name\":\"Get Quote\"}]},{\"@type\":\"WebSite\",\"@id\":\"https:\/\/villasbosloup.fr\/#website\",\"url\":\"https:\/\/villasbosloup.fr\/\",\"name\":\"VILLAS BOSLOUP - Entreprise de ma\u00e7onnerie \u00e0 Saint-Babel\",\"description\":\"Entreprise familiale de ma\u00e7onnerie depuis 1945. R\u00e9alisation de maisons neuves, b\u00e2timents, r\u00e9novations, am\u00e9nagements et travaux sp\u00e9cialis\u00e9s.\",\"publisher\":{\"@id\":\"https:\/\/villasbosloup.fr\/#organization\"},\"potentialAction\":[{\"@type\":\"SearchAction\",\"target\":{\"@type\":\"EntryPoint\",\"urlTemplate\":\"https:\/\/villasbosloup.fr\/?s={search_term_string}\"},\"query-input\":{\"@type\":\"PropertyValueSpecification\",\"valueRequired\":true,\"valueName\":\"search_term_string\"}}],\"inLanguage\":\"en-US\"},{\"@type\":\"Organization\",\"@id\":\"https:\/\/villasbosloup.fr\/#organization\",\"name\":\"VILLAS BOSLOUP - Entreprise de ma\u00e7onnerie \u00e0 Saint-Babel\",\"url\":\"https:\/\/villasbosloup.fr\/\",\"logo\":{\"@type\":\"ImageObject\",\"inLanguage\":\"en-US\",\"@id\":\"https:\/\/villasbosloup.fr\/#\/schema\/logo\/image\/\",\"url\":\"https:\/\/villasbosloup.fr\/wp-content\/uploads\/2025\/04\/Logo-Partenaire-et-Sponsor-Villas-BOSLOUP.jpg\",\"contentUrl\":\"https:\/\/villasbosloup.fr\/wp-content\/uploads\/2025\/04\/Logo-Partenaire-et-Sponsor-Villas-BOSLOUP.jpg\",\"width\":800,\"height\":500,\"caption\":\"VILLAS BOSLOUP - Entreprise de ma\u00e7onnerie \u00e0 Saint-Babel\"},\"image\":{\"@id\":\"https:\/\/villasbosloup.fr\/#\/schema\/logo\/image\/\"}}]}<\/script>\n<!-- \/ Yoast SEO plugin. -->","yoast_head_json":{"title":"VILLAS BOSLOUP - Entreprise de ma\u00e7onnerie \u00e0 Saint-Babel","description":"Entreprise familiale de ma\u00e7onnerie depuis 1945. R\u00e9alisation de maisons neuves, b\u00e2timents, r\u00e9novations, am\u00e9nagements et travaux sp\u00e9cialis\u00e9s.","robots":{"index":"index","follow":"follow","max-snippet":"max-snippet:-1","max-image-preview":"max-image-preview:large","max-video-preview":"max-video-preview:-1"},"canonical":"https:\/\/villasbosloup.fr\/?page_id=1480","og_locale":"en_US","og_type":"article","og_title":"VILLAS BOSLOUP - Entreprise de ma\u00e7onnerie \u00e0 Saint-Babel","og_description":"Entreprise familiale de ma\u00e7onnerie depuis 1945. R\u00e9alisation de maisons neuves, b\u00e2timents, r\u00e9novations, am\u00e9nagements et travaux sp\u00e9cialis\u00e9s.","og_url":"https:\/\/villasbosloup.fr\/?page_id=1480","og_site_name":"VILLAS BOSLOUP","article_modified_time":"2025-08-25T11:53:01+00:00","og_image":[{"width":800,"height":500,"url":"https:\/\/villasbosloup.fr\/wp-content\/uploads\/2025\/04\/Logo-Partenaire-et-Sponsor-Villas-BOSLOUP.jpg","type":"image\/jpeg"}],"twitter_card":"summary_large_image","twitter_misc":{"Est. reading time":"1 minute"},"schema":{"@context":"https:\/\/schema.org","@graph":[{"@type":"WebPage","@id":"https:\/\/villasbosloup.fr\/?page_id=1480","url":"https:\/\/villasbosloup.fr\/?page_id=1480","name":"VILLAS BOSLOUP - Entreprise de ma\u00e7onnerie \u00e0 Saint-Babel","isPartOf":{"@id":"https:\/\/villasbosloup.fr\/#website"},"datePublished":"2015-12-04T02:09:37+00:00","dateModified":"2025-08-25T11:53:01+00:00","description":"Entreprise familiale de ma\u00e7onnerie depuis 1945. R\u00e9alisation de maisons neuves, b\u00e2timents, r\u00e9novations, am\u00e9nagements et travaux sp\u00e9cialis\u00e9s.","breadcrumb":{"@id":"https:\/\/villasbosloup.fr\/?page_id=1480#breadcrumb"},"inLanguage":"en-US","potentialAction":[{"@type":"ReadAction","target":["https:\/\/villasbosloup.fr\/?page_id=1480"]}]},{"@type":"BreadcrumbList","@id":"https:\/\/villasbosloup.fr\/?page_id=1480#breadcrumb","itemListElement":[{"@type":"ListItem","position":1,"name":"Accueil","item":"https:\/\/villasbosloup.fr\/"},{"@type":"ListItem","position":2,"name":"Get Quote"}]},{"@type":"WebSite","@id":"https:\/\/villasbosloup.fr\/#website","url":"https:\/\/villasbosloup.fr\/","name":"VILLAS BOSLOUP - Entreprise de ma\u00e7onnerie \u00e0 Saint-Babel","description":"Entreprise familiale de ma\u00e7onnerie depuis 1945. R\u00e9alisation de maisons neuves, b\u00e2timents, r\u00e9novations, am\u00e9nagements et travaux sp\u00e9cialis\u00e9s.","publisher":{"@id":"https:\/\/villasbosloup.fr\/#organization"},"potentialAction":[{"@type":"SearchAction","target":{"@type":"EntryPoint","urlTemplate":"https:\/\/villasbosloup.fr\/?s={search_term_string}"},"query-input":{"@type":"PropertyValueSpecification","valueRequired":true,"valueName":"search_term_string"}}],"inLanguage":"en-US"},{"@type":"Organization","@id":"https:\/\/villasbosloup.fr\/#organization","name":"VILLAS BOSLOUP - Entreprise de ma\u00e7onnerie \u00e0 Saint-Babel","url":"https:\/\/villasbosloup.fr\/","logo":{"@type":"ImageObject","inLanguage":"en-US","@id":"https:\/\/villasbosloup.fr\/#\/schema\/logo\/image\/","url":"https:\/\/villasbosloup.fr\/wp-content\/uploads\/2025\/04\/Logo-Partenaire-et-Sponsor-Villas-BOSLOUP.jpg","contentUrl":"https:\/\/villasbosloup.fr\/wp-content\/uploads\/2025\/04\/Logo-Partenaire-et-Sponsor-Villas-BOSLOUP.jpg","width":800,"height":500,"caption":"VILLAS BOSLOUP - Entreprise de ma\u00e7onnerie \u00e0 Saint-Babel"},"image":{"@id":"https:\/\/villasbosloup.fr\/#\/schema\/logo\/image\/"}}]}},"_links":{"self":[{"href":"https:\/\/villasbosloup.fr\/index.php?rest_route=\/wp\/v2\/pages\/1480","targetHints":{"allow":["GET"]}}],"collection":[{"href":"https:\/\/villasbosloup.fr\/index.php?rest_route=\/wp\/v2\/pages"}],"about":[{"href":"https:\/\/villasbosloup.fr\/index.php?rest_route=\/wp\/v2\/types\/page"}],"author":[{"embeddable":true,"href":"https:\/\/villasbosloup.fr\/index.php?rest_route=\/wp\/v2\/users\/1"}],"replies":[{"embeddable":true,"href":"https:\/\/villasbosloup.fr\/index.php?rest_route=%2Fwp%2Fv2%2Fcomments&post=1480"}],"version-history":[{"count":28,"href":"https:\/\/villasbosloup.fr\/index.php?rest_route=\/wp\/v2\/pages\/1480\/revisions"}],"predecessor-version":[{"id":2718,"href":"https:\/\/villasbosloup.fr\/index.php?rest_route=\/wp\/v2\/pages\/1480\/revisions\/2718"}],"wp:attachment":[{"href":"https:\/\/villasbosloup.fr\/index.php?rest_route=%2Fwp%2Fv2%2Fmedia&parent=1480"}],"curies":[{"name":"wp","href":"https:\/\/api.w.org\/{rel}","templated":true}]}}